 = -0*v + 4*v, 0 = 2*w - 3*v + 28337. Let h = -9015 - w. Is h prime?
False
Suppose 5*w - 2611 = 59. Let t = -283 + w. Is t composite?
False
Is (20588/(-2))/((-4)/12*6) composite?
False
Suppose 4*l = 3*j - j + 51586, -4*l = 5*j - 51565. Is l prime?
False
Suppose -27*v = -31*v + 28. Suppose -v*k = -2458 - 13761. Is k a prime number?
False
Let t(g) = g**2 - g - 4. Let j be t(3). Suppose 0 = -2*m - 2*f - 2, 2*f = m - j*m - 4. Is (1353/12)/(m/8) a prime number?
False
Is 3/(143024/(-28606) - (28 - 33)) composite?
False
Suppose r - 2*m - m = 143, 0 = -3*r - m + 469. Suppose 26*z = 21*z + r. Is z a composite number?
False
Suppose -3*v - 12 + 24 = 0. Suppose 0 = 2*w + v*i - 1578, 0*i - i + 3936 = 5*w. Is w composite?
False
Let q(m) = m**3 - 15*m**2 + 13*m + 19. Let g be q(14). Suppose -993 = -g*y - p, 0*y + 3*y + 4*p - 589 = 0. Is y composite?
False
Is (-2)/3 + 175/15 a composite number?
False
Let w(k) be the third derivative of k**6/24 - k**5/12 + k**3/6 - 3*k**2. Let z be w(4). Let a = z + -118. Is a prime?
False
Suppose a + 1823 = x - 19331, 2*x + 4*a = 42326. Is x a prime number?
True
Let c = -804 - -1135. Suppose 1004 = 4*u - u - 4*w, -c = -u + 5*w. Let t = -29 + u. Is t a composite number?
False
Let k = 100203 + -48548. Is k prime?
False
Let r(g) = 17*g**3 + 9*g**2 + 43*g - 25. Is r(12) a prime number?
False
Let s = -29 - -32. Let c be s + (-1 - 1) - 2. Let k(d) = -116*d**3 + 2*d + 1. Is k(c) a prime number?
False
Let n(w) = -w - 4. Let b be n(-10). Let c be 3/(-9) - (-176)/b. Let z = 174 + c. Is z composite?
True
Let h(k) = 2*k**3 - 16*k**2 + 25*k + 8. Is h(11) composite?
False
Suppose 4*p = 3*p + 5. Suppose 2*l - 256 = -p*i + 167, 4*l + 259 = 3*i. Is i prime?
False
Let p be (-3)/(-9) + 332/12. Suppose 37 = k - p. Suppose d = 3*u - k, -5*d = 3*u - 70 - 1. Is u prime?
False
Let a(t) = -3*t**2 + 11*t**2 - 7*t + 0 + 2. Is a(3) prime?
True
Let u(s) = -3*s**3 - 14*s**2 - 23*s + 29. Is u(-17) composite?
False
Suppose 7*o + 14*o - 246393 = 0. Is o a prime number?
False
Is (-892276)/(-1188) + 4/(-54) composite?
False
Let y = 307 - 307. Let r = 180 + 462. Suppose 4*k + x = -y*x + r, -2*k + x = -324. Is k prime?
False
Let g(p) = 19*p + 8. Let v(s) = 37*s + 15. Let q(n) = 5*g(n) - 2*v(n). Let d be q(11). Suppose 0 = 3*b - d + 88. Is b prime?
False
Let x(b) = 15*b**3 - 6*b**2 - 10*b - 4. Let k be x(6). Let w = k - 909. Is w a composite number?
True
Let m = 325 + -84. Let c be (-68)/8*-178 - 7. Suppose -5*j + c = m. Is j prime?
False
Let v(n) = n**2 - 5*n - 1. Let w be v(5). Let z(x) = 719*x**2 + x. Is z(w) a prime number?
False
Suppose -5*k = -5*q - 40270, 2*k + 6*q - 16129 = q. Is k a composite number?
True
Suppose -8038 = -b + 14344. Suppose -b + 4874 = -12*w. Is w prime?
True
Suppose 6*k = k + 25. Suppose 0 = -k*u + 4*u - 762. Let l = -455 - u. Is l prime?
True
Let t(a) = 8171*a - 255. Is t(2) composite?
False
Let m(q) = -1 + 6*q + 1 + 9. Suppose g + 4*i - 15 = 0, -5*i - 10 = -4*g + 8. Is m(g) a prime number?
False
Suppose -f - 3*b + 1095 = b, -4*b = -8. Is f composite?
False
Let u(n) = -n**3 + n**2 + 16*n + 11. Let w be (-1 + 0)*(13/1 + -4). Is u(w) a composite number?
False
Let a be 11/22 - 171/(-2). Suppose a + 137 = m. Is m a composite number?
False
Suppose -25*r + 29*r - 27220 = 0. Is r composite?
True
Suppose 12 = -4*s, 2*s + 0*s + 44621 = 5*b. Is b composite?
False
Let f(t) = -32*t**2 + 5*t + 6. Let p be f(-1). Let d(r) = 2*r**3 - 6*r**2 + 9*r + 7. Let u be d(7). Let y = u - p. Is y composite?
True
Let b = -605 - 106. Is ((-10)/(-6))/((-3)/b) prime?
False
Let w(i) be the third derivative of 43*i**5/30 - i**4/12 - i**3/6 + i**2. Is w(-1) a prime number?
False
Let a = 0 + 2. Suppose 0*b - 3070 = -a*b. Is b a prime number?
False
Let c(d) = 65*d + 8. Let f(m) = 115*m - 4 + 21 + 15*m. Let i(q) = -5*c(q) + 2*f(q). Is i(-5) prime?
False
Suppose 4*y + 2*m = -2 - 8, -2*m - 2 = 0. Is 444/18*(-3)/y prime?
True
Let x(o) = 13*o + 8 + 12*o**2 + o**3 + 11*o**2 - 6*o**2. Is x(-13) prime?
False
Suppose -2139 = -5*a - k + 3*k, -2*k = 5*a - 2151. Let b = a - 208. Is b prime?
False
Let x(b) be the second derivative of b**4/12 + 2*b**3 + 12*b**2 + 7*b. Let u be x(-10). Suppose 5*f = -5*c + 670, f + u*c = -f + 268. Is f a prime number?
False
Let c = -7347 + 15920. Is c composite?
False
Suppose -6*w = -7945 - 1247. Suppose 4*x - 8*x + 4*d + w = 0, 0 = 3*x + d - 1145. Is x a composite number?
True
Is 7/49 + 12/14 + 4830 composite?
False
Suppose 0 = -k - 4, t - 24 = k - 8. Is ((-296)/t)/((-6)/9) a prime number?
True
Suppose -4*x + 19 = -1. Let y be 9 + (-48)/(14 - 6). Suppose -x*a + 614 = -y*a. Is a composite?
False
Suppose -2*j - 2*k + 24484 = 0, -k - 32676 = -2*j - 8177. Is j prime?
False
Let i(a) = a**2 + 4*a - 3. Let q be i(-5). Suppose 2*z - 75 = z - q*n, 2*z - 142 = 4*n. Let k = z - -184. Is k prime?
True
Let w be 2 + (-1 - 5 - (-17 + 13)). Suppose w = -3*j - p + 294, 0 = j + 5*p - 37 - 75. Is j prime?
True
Let s(h) = -8*h**3 - 13*h**2 + 114*h + 32. Is s(-23) prime?
True
Let j = 34250 + 18981. Is j composite?
False
Let n(p) = -p**3 + 10*p**2 - 19*p - 10. Let o be n(7). Suppose -5*m = -o*m + 4*h - 110, 3*h = -5*m + 584. Is m a prime number?
False
Let z(h) = 1337*h - 15. Is z(4) a prime number?
True
Let d = 30 - 130. Let m = 312 + d. Let b = m - -5. Is b composite?
True
Let l = -1333 + 2390. Is l a composite number?
True
Let k(u) = 505*u + 14. Is k(9) prime?
False
Let a(g) = -g**2 + 13*g + 6. Let b be a(12). Let u = 14 - b. Is ((-6)/u)/(3/186) a composite number?
True
Suppose 3*l = -3*h - 27, 1 = 3*l + 7. Let b(n) = -231*n + 40. Is b(h) a prime number?
True
Let q(k) = k**3 - 2*k**2 - 3*k. Let v be q(3). Suppose -4*g + 960 + 388 = v. Is g composite?
False
Suppose -5*l - 110904 = -4*a + 56488, -4*a + 3*l = -167384. Is a a composite number?
False
Let t(u) = 88*u - 11. Let n be t(-4). Is (-4 - n) + (0 - 1) a composite number?
True
Let c = 15 + -3. Suppose 0 = 4*n + c, -4*v = n + 2*n - 3595. Is v a composite number?
True
Let f be (-62)/12 + (-3)/(-18). Let s be 2/7*(2 - f). Suppose 4*m - 123 = m + s*b, -m + 5*b + 54 = 0. Is m a prime number?
False
Suppose -12 = 5*n - 82. Let i = 29 - n. Suppose 10*d - i*d = -1495. Is d a prime number?
False
Let b be (16/20)/(4/(-10))*-127. Let y = b - -469. Is y a prime number?
False
Is (78632/(-20))/((-6)/(-10) - 1) a composite number?
False
Suppose -155 + 2035 = -5*n. Suppose -3*a + 4*l = 317, 4*l = 2*l - 8. Let w = a - n. Is w prime?
False
Suppose 7*i + 3*h + 286704 = 11*i, 0 = -i + 3*h + 71667. Is i a prime number?
False
Is (-3 - 17/(-6)) + 8078/12 composite?
False
Suppose 3*r - 20 = 2*d - 6*d, 4*r - 2*d = 12. Suppose -526 - 1378 = r*z. Let x = z - -1055. Is x a composite number?
True
Is (-130828)/16*3*(-48)/36 a composite number?
False
Is (207056/32)/(2/4) a composite number?
False
Let q = -28 - -41. Let w(n) = 49*n - 5. Let r be w(q). Is (-1)/(2*(-4)/r) composite?
False
Is 0 + 6 + 23679/3 a prime number?
False
Let f = -33 - -31. Is (f/((-8)/20))/(1/109) prime?
False
Let y = 5 + -4. Let n be (y - (-3)/3) + -5. Is (-33)/n - (1 - 4) a prime number?
False
Is ((-6449)/(-3) - 1)*3 + -3 a prime number?
False
Let o(g) = -14*g + 15. Let u(d) = -5*d + 5. Let m(f) = -6*o(f) + 17*u(f). Let h be m(-3). Let l = h - -16. Is l a composite number?
True
Let x(h) = -234*h + 15. Let u be x(-7). Let m = u + -360. Is m a prime number?
False
Suppose 2*n - 3 = n. Suppose -2*u - 10 = 5*z, 4*u - 32 = n*z - 0*z. Suppose -5*q + u*f = -0*f - 1660, -2*q - 3*f + 679 = 0. Is q a prime number?
False
Suppose 0 = -l - 4*f + 39461, 3*f = 2*l - 80805 + 1905. Is l a composite number?
True
Let q(y) = 342*y + 337. Is q(20) composite?
False
Suppose 0 = 5*m + 5*d - 1641 - 1614, 4*m - d = 2594. Is m prime?
False
Let k(i) = -1640*i - 45. Is k(-2) prime?
False
Let o(u) = -u**3 - 16*u**2 - 17*u - 28. Let r be o(-15). Let x(y) = -1 + 1 + y. Is x(r) prime?
True
Let f(s) = -20*s**2 - 4. Let d be f(-4). Let b = 355 - d. Is b composite?
True
Let n be (-15)/(-6)*2676/15. Suppose 325 + n = -3*u. Let y = u - -370. Is y a composite number?
False
Suppose -9*k = -10*k - 21. Is (6/4)/(k/(-18914)) a prime number?
False
Suppose 2*m + m + 21 = 0. Let l(u) = 4 + u**2 + 0*u - u - u. Is l(m) a prime number?
True
Suppose -18*b = -22*b + 2428. Let k = b - -588. Is k composite?
True
Suppose -47